*b - 199 = y, -134 = -0*q - 2*q - 3*b. Calculate the highest common factor of q and 2117.
73
Suppose -4*g = 4*f - 10749 + 121, -4*f - 10596 = -4*g. Calculate the highest common divisor of g and 14.
7
Suppose -4*x - 152 = -5*x. Let b = -114 - -131. Let p be (19/2)/(-8 + b/2). Calculate the greatest common divisor of x and p.
19
Let a = 32218 + -31313. Calculate the highest common divisor of 5 and a.
5
Let s(n) = 157*n**2 + 37*n - 72. Let z be s(2). Calculate the greatest common factor of z and 1323.
63
Let z be 15*(-3)/27*-6. Suppose -7*k = p - 3*k - 26, 3*p - z = 5*k. Let t be (-112 + 2)*(1 + -2). What is the greatest common divisor of p and t?
10
Suppose 3924 = 4*r + 4*i, 98*r - 97*r = 3*i + 1009. What is the greatest common factor of 608 and r?
76
Let h be (-1119254)/(-98) - (-470)/11515. What is the greatest common divisor of h and 47?
47
Let z(s) = -s**3 + 27*s**2 + 27*s - 149. Let w be z(19). Calculate the greatest common factor of w and 36.
12
Suppose 0 = 4*k - d - 664, -4*k + 2*k + d + 334 = 0. What is the greatest common divisor of 1245 and k?
15
Let y be ((-6)/9)/((-3)/2214). Let l = -8232 - -8244. What is the greatest common factor of l and y?
12
Let n(k) = 3*k**2 - 15*k + 21. Let y be n(7). Let c be (-2)/7 + 3798/y. Calculate the greatest common factor of c and 75.
15
Let y = 11 + 112. Let g = -2038 - -2243. What is the greatest common factor of g and y?
41
Suppose -3*z + 5*i + 19 = -181, -3*i = 3*z - 192. Let x be 988/z - 6/5. Let s be 3*((-76)/(-3) - 2). What is the highest common divisor of x and s?
14
Let j be (-16 + 20)*(2 - (-2 + 3)). Suppose 0 = -3*o - 3*l + 5*l + 181, -j*o + 4*l = -236. What is the highest common divisor of 630 and o?
63
Suppose -4*q = -4*x - 124 + 488, -2*q - 270 = -3*x. Calculate the highest common factor of 7722 and x.
22
Let b(a) = -3*a + 327. Let u be b(74). Calculate the greatest common factor of u and 2145.
15
Let n(b) be the third derivative of -b**6/120 - b**4/3 - 11*b**3/6 + 12*b**2. Let j be n(-2). Calculate the highest common divisor of j and 169.
13
Let i be (-113)/3*170/(-6)*1881/1045. What is the highest common divisor of i and 391?
17
Let b be ((-49820)/282)/((-15)/18). Calculate the greatest common factor of b and 4.
4
Let d be (2/1)/(-3 + 4). Suppose -d*u = -6*u + 8, 3*k + 7 = 5*u. Let t(o) = 5*o**2 + 37*o + 37. Let h be t(-1). Calculate the greatest common factor of h and k.
1
Let m(q) = 11*q**2 + 377*q + 162. Let k be m(-34). Calculate the greatest common factor of k and 1236.
12
Let t = -8854 - -9655. Calculate the highest common factor of 45 and t.
9
Let g = 11233 + -241. What is the highest common divisor of g and 48?
48
Let s be (-7)/(3/(3 + -45)). Suppose -i - h = -348, -5*i + 3*h + 334 + 1366 = 0. What is the highest common divisor of s and i?
49
Let s = -4582 + 4585. What is the greatest common factor of 1584 and s?
3
Let z be ((-9452)/(-85))/((-12)/(-22)) + (-12)/(-90). Calculate the greatest common divisor of 132 and z.
12
Let r(k) = -7*k + 8. Let d be (-90)/120 + -2*31/(-8). Let m be r(d). Let u = m - -111. What is the greatest common divisor of u and 14?
14
Suppose 646*b = 8*b + 61*b + 14425. Let f(j) = -17*j**3 - 2*j**2 + j - 1. Let r be f(-2). What is the highest common divisor of r and b?
25
Let n be 8/148 + (-101700)/(-925). Calculate the greatest common factor of 320 and n.
10
Let a be -7*(-2)/(-2) - -847 - (0 - -4). What is the greatest common divisor of a and 608?
76
Let p = 8870 + -8857. What is the highest common divisor of p and 6721?
13
Let l be 10/(-40)*2*-148. Suppose -2490 = l*a - 80*a. Calculate the greatest common factor of a and 5.
5
Suppose -31*a - 6678 = -40*a. Calculate the highest common divisor of 56 and a.
14
Suppose 0 = -7*f + 3*f + 2*v + 142, -3 = -v. Let t be (f/(-4))/((-4)/32). Suppose -1991 + 2472 = 13*g. What is the greatest common divisor of g and t?
37
Suppose -16 = -8*d + 4*d. Suppose 3*o - 11 = d. Suppose -2*c - 6*u + 3*u = -48, -5*c + o*u = -120. Calculate the highest common divisor of c and 64.
8
Suppose 0 = -5*p - 2*c - 14 - 6, 0 = -3*p - 5*c + 7. Let v be ((-272)/5)/(p/30). Let y = v + -52. What is the greatest common factor of y and 20?
20
Suppose 1742 = 10*m - 2428. Suppose -m - 2599 = -13*p. What is the highest common factor of 24 and p?
8
Let v(y) = 3*y**3 + 11*y**2 - 30 + 6*y - 2*y**3 + 7*y + 25. Let b be v(-8). Suppose -3*p + 181 = -b. Calculate the highest common factor of 8 and p.
8
Suppose 0 = -5881*s + 5852*s + 11310. Calculate the greatest common divisor of 7670 and s.
130
Suppose 17*m + 9 = 20*m, 7*m = -3*y + 1560. What is the greatest common divisor of 2223 and y?
171
Let y(v) = 2*v**2 + 12*v + 10. Let p be y(-10). Suppose 0 = 166*o - 234*o + 3060. What is the highest common factor of p and o?
45
Suppose -i + 529 + 553 = -5*d, -2*i - 1091 = 5*d. Let n = d + 237. Calculate the highest common divisor of n and 35.
5
Let t(y) = -36*y**2 + 38*y + 15*y**2 - 6*y - 23 + y**3 + 30*y. Let q be t(18). Calculate the highest common factor of 11 and q.
11
Let n(d) = -2*d**3 - 9*d**2 + 9*d - 9. Let q be n(-7). Suppose 11*t - q = -19. What is the highest common factor of t and 6?
2
Suppose -58 = -5*o - 2*a, 0 = 2*a - 7*a - 5. Suppose -o*z + 900 = -12. Calculate the greatest common factor of z and 266.
38
Let f(l) = l**2 - 54*l + 506. Let a be f(12). Suppose 0 = -2*p + 2 - 6, 0 = 4*g + 5*p - 14. What is the greatest common divisor of a and g?
2
Let q(v) = -v**2 + 106*v - 1889. Let p be q(23). Let n = 0 - -10. Calculate the greatest common factor of p and n.
10
Let m be (0 - 24/(-8)) + -1. Suppose 0 = -5*a + m*q + 81, -3*a - 8*q = -10*q - 51. Calculate the highest common divisor of a and 60.
15
Let j(w) = w**3 + 5*w**2 - 5*w + 6. Let u be j(-6). Let r(q) = 2 + 47*q + u - 46*q + 4. Let i be r(-3). Calculate the greatest common divisor of 15 and i.
3
Let a(f) = 48*f**2 + f + 1. Let g be a(-1). Let c(v) = 2*v**2 + 2*v - 19. Let h be c(7). Let d be h/15 - 1/5. What is the greatest common divisor of d and g?
6
Let f(s) = 4*s - 6. Let n(l) = 4*l - 5. Let b(z) = -6*f(z) + 4*n(z). Let d be b(-14). Let v = 291 + -275. What is the greatest common divisor of v and d?
16
Suppose r - 2*h = 1, -1 - 2 = -2*r + 5*h. Let f be ((-5)/3)/((-368)/(-366) + r). Let k = -169 - f. What is the greatest common divisor of k and 17?
17
Suppose -97*b = -90*b - 3542. Calculate the highest common factor of b and 6325.
253
Suppose -2*p - 442 - 231 = -3*a, -5*p - 670 = -3*a. Let b be (-4)/5*9/(-9)*-130. Let o = a + b. Calculate the highest common divisor of 11 and o.
11
Let k(z) = 3*z**2 - 4*z - 1. Let g be k(4). Let x = -409718 - -409720. What is the greatest common divisor of g and x?
1
Let k = 25616 - 13926. What is the highest common divisor of 140 and k?
70
Let x(f) = 68*f**2 + f + 8. Let d be x(-1). What is the greatest common divisor of 2175 and d?
75
Suppose 530*a = 490*a + 130320. What is the greatest common factor of a and 54?
18
Let q(h) = 4*h**2 + 2*h - 5. Let j be q(-4). Suppose 25*u = 655 + 195. What is the greatest common divisor of u and j?
17
Suppose -4*c + 101 = 5*v + 21, 3*v - 41 = -c. Let a be (-1)/4 + 8 + 1407/v. Calculate the highest common factor of 50 and a.
25
Suppose 5808 = 2*b + h, -26145 = -9*b + h - 4*h. What is the highest common factor of 612 and b?
153
Suppose 125 = 3*q + 4*b, -q - 5*b + 9 + 40 = 0. Suppose 81 = -38*h + q*h. Calculate the greatest common factor of h and 27.
27
Suppose 0 = -38*l + 36*l + 6. Suppose l*i - 8 = 28. Calculate the greatest common divisor of i and 3.
3
Suppose 6*r - 74 = -13 + 95. What is the highest common factor of 5629 and r?
13
Let v be (((-196)/8)/(-7))/(35/1190). Calculate the highest common divisor of v and 56.
7
Let x = 110 - 61. Suppose 54*m - x*m - 650 = 0. What is the greatest common divisor of m and 52?
26
Suppose 251*l + 93*l = 135192. Calculate the highest common factor of l and 1703.
131
Let n(v) = 205*v - 974. Let z be n(5). What is the greatest common divisor of 1241 and z?
17
Let m(l) = l**3 - 3*l**2 + 3*l - 7. Let q be m(3). Suppose 5*d = i + 31, q*d - 8 = -0. Let j = i - -27. What is the greatest common factor of j and 176?
16
Suppose -22*g + 18*g + 1216 = 2*w, -5*w = -3*g - 3040. Suppose -3*r + 2*f + 2*f = -98, f - 4 = 0. Calculate the greatest common factor of w and r.
38
Let x be -2 - (2/(-3))/